1*(-5)/3. Let n(f) = -f**3 - 4*f**2 - f + 6. Let o(k) = y*s(k) - 4*n(k). Calculate o(-4).
-10
Let s(j) = -j**2 + 15*j + 1. Let r(t) = -8*t + 13. Let g be r(0). Determine s(g).
27
Let d be (-40)/15*(-3)/2. Let u be d/54*3 + (-104)/(-18). Let n(w) = -w**2 + 4*w - 1. Determine n(u).
-13
Let v(w) = -w**3 + 8*w**2 + 10*w - 2. Let s(i) = i**2 + i. Let y(k) = -3*s(k) + v(k). Let g = -14 - -31. Suppose 0 = -g*j + 12*j + 30. Give y(j).
4
Let z = -3 - -3. Suppose 2*i + 2 + 8 = z. Let s(b) be the second derivative of b**5/20 + b**4/3 - 2*b**3/3 + 3*b**2/2 + 4*b. What is s(i)?
-2
Let w(p) be the first derivative of p**3/3 + 21*p**2/2 - 14*p - 15. Give w(-22).
8
Suppose 4*n - 3*w - 4 + 2 = 0, 2*n - 4*w = -4. Let l(z) = 9*z**2 + 0*z + 0 + 5*z - n*z**2 - 1 + z**3. Calculate l(-6).
5
Let j be (28/(-21))/(1 + 5/(-3)). Let b(u) be the first derivative of 7*u**2 + u + 92. What is b(j)?
29
Let m(l) = -2*l. Suppose -5*d = 4*w - 72, w - 10 - 5 = -d. Suppose d*a = -25 + 1. Calculate m(a).
4
Let l(r) = 8*r + 3*r + r**2 + 4 - 2 + 2. Let i be l(-11). Let b(z) = i*z - 4*z + 3 - 2*z. Calculate b(5).
-7
Let z(a) = -8*a**3 + 10*a**2 + 22*a - 3. Let j(f) = 3*f**3 - 4*f**2 - 9*f + 2. Let q(l) = 5*j(l) + 2*z(l). Calculate q(-3).
34
Let b(d) = -3*d**3 - 26*d**2 + 9*d - 5. Let i be b(-9). Let p(y) = -2*y - 13. Give p(i).
-3
Let c(m) = -2*m - 2. Suppose 4*h + 3 = 5*h. Suppose 3*a - 37 = 4*q - 2, -a - h*q = 10. Suppose 0 = -a*k - 14 - 1. Give c(k).
4
Let f(h) = -7*h + 12. Let l(t) = 3*t - 6. Let j(o) = -4*f(o) - 9*l(o). Calculate j(-5).
1
Suppose -7*o + 2*o = 0. Suppose -2*i + 0*i - 2 = o. Let f(q) be the third derivative of 3*q**5/20 - q**4/24 + 197*q**2. Give f(i).
10
Let z(g) = 3*g**2 - 7*g - 9. Let f be z(8). Let m(p) = -64*p + f*p - 48*p. Calculate m(1).
15
Let t = 2 + 2. Let h(v) be the second derivative of -6*v - 1/12*v**4 + 0 + 2*v**2 + 1/2*v**3. Calculate h(t).
0
Let z(o) be the third derivative of o**5/30 + 7*o**4/24 - o**3/3 + 40*o**2. Give z(-6).
28
Let s(o) = 2*o**2 - 11*o + 7. Suppose 16*h - 12*h + 5 = 3*d, 4*d - 17 = -5*h. Give s(d).
-8
Let t(u) = 2*u**3 - u + 4. Let o(v) = -3*v**3 + v**2 + 6*v - 14. Let j(i) = -o(i) - 4*t(i). Give j(-1).
4
Let c(u) = -u**2 - 2*u - 5. Suppose 2*y - 2*x + 20 = 0, 3*y - 10 = -0*x - 5*x. Determine c(y).
-20
Suppose 2 = -2*o + 3*a, o + 0*a = 3*a - 4. Let s(c) = -2*c**3 + 6 - o*c + 3 - 9 + 3*c**2. Determine s(2).
-8
Suppose 5 = 5*f + 3*k + k, 2*k = -3*f + 3. Let m = 289 + -287. Let a(b) = 7*b**m + f - 5*b**3 - b + 2 + 3 + 4*b**3. Give a(7).
-1
Let f(p) = 398*p - 9 - 3*p**2 - 398*p + 2 - p**3. Calculate f(-4).
9
Let q = 47 + -28. Let v(h) = 18*h**2 - 11 + 0 - q*h**2. Determine v(0).
-11
Let m(t) = -t**3 + 3*t**2 + 8*t - 3. Suppose 0 = -4*z + 453 - 433. Calculate m(z).
-13
Let t(z) = -11*z + 30. Let n(k) = -5*k + 14. Let j(l) = 13*n(l) - 6*t(l). Calculate j(0).
2
Let p be (-45)/(-72) - (-66)/48. Let k(l) = -l**3 - 2*l + 3*l + 3*l - 3 + l**2. What is k(p)?
1
Suppose -4*k + 0*k + 12 = 0. Let l(j) = 3*j**2 - 2*j**k + 3*j**3 - 3 + 5 - 2*j. Let m(z) = z**3 - 5*z**2 - 2*z + 7. Let y be m(5). Determine l(y).
8
Suppose 2*y + 62 = 72. Let f(a) be the third derivative of -1/120*a**6 - 1/24*a**4 + 0*a - 1/2*a**3 + 0 + 4*a**2 + 1/12*a**y. Determine f(3).
12
Let o(n) = -2*n + 100*n**2 + 1 - 50*n**2 - 49*n**2. Calculate o(-2).
9
Suppose 47*a = 12 + 35. Let g(t) = -4 - t**2 + 3*t**2 + 3*t**3 + 3. What is g(a)?
4
Let m(g) = 4*g - 26*g**2 - 2 - 13 - g**3 + 16*g**2 - 6*g. Let r be m(-10). Let b(s) = s**3 - 6*s**2 + 6*s - 7. Calculate b(r).
-2
Let n(f) = f**3 + 9*f**2 - 11*f - 14. Let c be n(-10). Let z(g) be the second derivative of -g**3/3 + g**2/2 - 180*g. What is z(c)?
9
Let b be (-15 + 18)*(-1 + 1 + 1). Let c(m) = m**2 - b*m**2 - 4*m - 3*m**2 + 3*m**2 - 3. Calculate c(-2).
-3
Let o(i) = 11*i - 85. Let x be o(8). Let z(n) be the first derivative of -1 + 3*n**2 - 1/3*n**x - 2*n. Determine z(4).
6
Let p = 1336 + -1325. Let v(z) = z - 29. Determine v(p).
-18
Let p(t) = 9*t - 109. Let s(h) = 4*h - 45. Let f(u) = -2*p(u) + 5*s(u). Determine f(5).
3
Let n be 14/(448/24) + (-15)/(-12). Let t(o) = -7*o - 2. Give t(n).
-16
Let y(j) = 12*j - j**3 - 78 + 86 - 7*j**2 - j. Calculate y(-8).
-16
Let a be ((-2)/(-7))/((-2)/(-14)). Suppose 4*z - 2*t - 6 = 0, 4*z - t + 4*t + 9 = 0. Let d(h) = -1 - 26*h**3 + 25*h**3 - 7*h**a + z. Determine d(-7).
-1
Let i(b) be the first derivative of -3*b**3 + 2*b + 119. Determine i(1).
-7
Suppose -25 = 3*r - 5*m, 0 = r + 2*r + 3*m + 9. Let a(f) = -f**2 - 7*f - 3. Calculate a(r).
7
Let k(h) = -h**2 + 8*h + 1. Let s(y) = 4*y**2 - 35*y - 4. Let p(l) = -9*k(l) - 2*s(l). What is p(4)?
7
Let d(r) = 52*r + 3 + 48*r + 49*r - 150*r. Give d(-3).
6
Let h be -10*(2 - 28/8). Let b(t) = -4*t + t**2 + h + 2*t**3 - 16 - t**3. Calculate b(-3).
-7
Suppose 4*b - 2*b + 6 = 0. Let a(j) = -10*j**3 - 9*j**2 + 12*j. Let o(x) = 7*x**3 + 6*x**2 - 8*x. Let i(g) = 5*a(g) + 7*o(g). What is i(b)?
-12
Let y(u) = -71*u**2 + 35*u**2 - 2*u + 37*u**2 + 5*u - u - 3. Calculate y(6).
45
Let o be 26/5 + 20/(-100). Let l(d) = 14*d. Let v(m) = 15*m. Let r(p) = o*v(p) - 6*l(p). Calculate r(-2).
18
Let u(m) be the second derivative of m**3/6 - m**2 + m. Let l(n) = -3*n**2 - 12*n - 5. Let f be l(-2). What is u(f)?
5
Let a(v) = -1 - 11 + 5 + 6 - 2*v - v**2. Let h be a(-2). Let g(r) = 1 - 5*r + 0 + 3*r. Determine g(h).
3
Let v(s) = -s**2 - 19*s + 64. Let l be v(-22). Let q(a) = 9*a**2 + 3*a + 3. What is q(l)?
33
Let y(r) = 17*r - 1. Suppose 24 = h - 5*q + 18, 3 = -3*q. What is y(h)?
16
Let u = -5 + -1. Let k(b) = 9*b - 7. Let c(j) = 26*j - 21. Let d(r) = u*c(r) + 17*k(r). Let l be (-60)/(-8) + (-6)/4. What is d(l)?
-11
Let g(m) = m**3 - 9*m**2 - 8*m + 3. Let q(u) = 2*u**3 - 21*u**2 - 19*u + 7. Let t(x) = 13*g(x) - 6*q(x). Determine t(-8).
-19
Let y(t) = -15*t + 3. Let h(p) = -2*p + 1. Let j(b) = -5*h(b) + y(b). Give j(-6).
28
Let v be (-3 - 30/(-3)) + -2. Let k(g) be the third derivative of g**6/120 - g**5/12 - g**4/24 - g**3/2 - 2*g**2. Determine k(v).
-8
Let f(u) = -2*u**2 + 2. Let x = -101 + 105. Give f(x).
-30
Let d(l) = 43*l - 11*l + 13 - 5 - 24*l. Let v(p) = p + 1. Let q(s) = 4*d(s) - 28*v(s). Calculate q(-6).
-20
Let a(i) = i**3 - 7*i**2 - 43*i - 17. Let c be a(11). Let d(h) = 4*h + 2*h - 21 - 5*h + 19. Give d(c).
-8
Let r = -8 - -13. Suppose 0*m + 22 = 3*n - r*m, 3*n + 3*m = 6. Suppose -11 - 13 = n*v. Let z(f) = 2*f + 8. Give z(v).
-4
Let p(n) = -n**2. Let i(r) = -r**3 + 5*r**2 - 4*r - 9. Let o(g) = -i(g) + p(g). Calculate o(5).
4
Let w = -51 - -9. Let a be 2/7 - 156/w. Let i(s) = -4 + 1 - s - a + 3. Calculate i(-3).
-1
Let d(u) = -u**2 - 7*u + 3. Let a be -152*-3*(-4)/(-16). Let y be a/(-15) - (-6)/10. Determine d(y).
3
Let h(m) be the second derivative of -m**4/12 + 4*m**3 + 14*m**2 + 718*m. Give h(25).
3
Let r(q) be the second derivative of -q**4/12 + 5*q**3/6 - 21*q. Let w be 12/16*4 - 1. Let c be (w + (-3)/2)*12. Calculate r(c).
-6
Let n = -105 + 207. Let i(r) = 4*r - n + 210 - 105. What is i(4)?
19
Let t(v) = -530 - 3*v**3 + 3*v**3 - 12*v**2 + v**3 + 530 + 20*v. Determine t(10).
0
Let n(c) = 4*c**2 + c. Let p be n(1). Suppose -5*d - f = -40, p*d - 2*f = 21 + 4. Suppose 3*m = d*m + 8. Let q(u) = 3*u**3 + 3*u**2 + 2*u + 3. Calculate q(m).
-13
Let p(a) = 46*a - 17. Let c(v) = -17*v + 6. Let y(q) = -8*c(q) - 3*p(q). Calculate y(-3).
9
Let l(c) = -293 + 148 + 4*c - c**3 - 5*c**2 + 144. What is l(-6)?
11
Suppose 0*h - 5*h = -m + 6, 4*h = -4*m + 48. Let w(r) = -2*r + m - 6*r - 5 + 7*r. Let q be ((-9)/6 - 0)*4. Give w(q).
12
Let f(d) = 5*d + 7. Let a be 28/(-15) + -4*15/450. Calculate f(a).
-3
Let v(q) be the third derivative of q**5/60 - q**4/4 - q**3/6 + q**2. Let a(y) = -5 + 2*y**2 - 4 - y**2 - y + 8. Let t be a(-2). Calculate v(t).
-6
Suppose -8 = -5*d - 18. Let q(a) = 2*a**3 - 4*a**2 - 4*a - 3. What is q(d)?
-27
Let w be (-6)/33 + (-96)/(-44). Suppose 0 = -5*q - w*q - 56. Let g(c) = -c**2 - 7*c + 9. Determine g(q).
1
Let f(r) be the second derivative of 0 - 4*r + 1/10*r**5 - 3*r**2 + 1/2*r**3 + 1/120*r**6 + 1/3*r**4. Let x(p) be the first derivative of f(p). What is x(-5)?
-12
Let t be (-3)/1*(17 + -18). Suppose t*u - 19 - 2 = 0. Let f(l) = -2*l + 7. Determine f(u).
-7
Let w(m) = -m**2 - 10 + 29 - 25 + 3*m. Determine w(5).
-16
Suppose -x = 2*v - 8 - 6, -35 = -5*v - 